{"id":2149,"date":"2022-11-04T15:51:38","date_gmt":"2022-11-04T14:51:38","guid":{"rendered":"https:\/\/e-sportacademy.pl\/?post_type=product&#038;p=2149"},"modified":"2025-10-10T14:39:09","modified_gmt":"2025-10-10T12:39:09","slug":"analiza-demo-gry","status":"publish","type":"product","link":"https:\/\/e-sportacademy.pl\/?product=analiza-demo-gry","title":{"rendered":"Analiza Demo Gry"},"content":{"rendered":"","protected":false},"excerpt":{"rendered":"<p>Trener analizuje nagranie wysy\u0142ane przez gracza, a nast\u0119pnie przygotowuje raport z cennymi uwagami oraz wideo klipem odpowiadaj\u0105cym na b\u0142\u0119dy zawodnika.<\/p>\n","protected":false},"featured_media":2150,"comment_status":"open","ping_status":"closed","template":"","meta":[],"product_cat":[53],"product_tag":[],"class_list":{"0":"post-2149","1":"product","2":"type-product","3":"status-publish","4":"has-post-thumbnail","6":"product_cat-zajecia-e-sport-academy","8":"first","9":"instock","10":"virtual","11":"purchasable","12":"product-type-simple"},"_links":{"self":[{"href":"https:\/\/e-sportacademy.pl\/index.php?rest_route=\/wp\/v2\/product\/2149","targetHints":{"allow":["GET"]}}],"collection":[{"href":"https:\/\/e-sportacademy.pl\/index.php?rest_route=\/wp\/v2\/product"}],"about":[{"href":"https:\/\/e-sportacademy.pl\/index.php?rest_route=\/wp\/v2\/types\/product"}],"replies":[{"embeddable":true,"href":"https:\/\/e-sportacademy.pl\/index.php?rest_route=%2Fwp%2Fv2%2Fcomments&post=2149"}],"wp:featuredmedia":[{"embeddable":true,"href":"https:\/\/e-sportacademy.pl\/index.php?rest_route=\/wp\/v2\/media\/2150"}],"wp:attachment":[{"href":"https:\/\/e-sportacademy.pl\/index.php?rest_route=%2Fwp%2Fv2%2Fmedia&parent=2149"}],"wp:term":[{"taxonomy":"product_cat","embeddable":true,"href":"https:\/\/e-sportacademy.pl\/index.php?rest_route=%2Fwp%2Fv2%2Fproduct_cat&post=2149"},{"taxonomy":"product_tag","embeddable":true,"href":"https:\/\/e-sportacademy.pl\/index.php?rest_route=%2Fwp%2Fv2%2Fproduct_tag&post=2149"}],"curies":[{"name":"wp","href":"https:\/\/api.w.org\/{rel}","templated":true}]}}